 divided by 96?
90
Calculate the remainder when 2770 is divided by 6.
4
What is the remainder when 3075 is divided by 69?
39
Calculate the remainder when 29681 is divided by 11.
3
Calculate the remainder when 12335 is divided by 2905.
715
What is the remainder when 422494 is divided by 140827?
13
What is the remainder when 8495 is divided by 45?
35
Calculate the remainder when 83329 is divided by 41654.
21
What is the remainder when 7023 is divided by 1001?
16
Calculate the remainder when 628712 is divided by 157168.
40
Calculate the remainder when 5090 is divided by 560.
50
What is the remainder when 618 is divided by 64?
42
What is the remainder when 531534 is divided by 211?
25
Calculate the remainder when 2352 is divided by 170.
142
What is the remainder when 16740 is divided by 2375?
115
What is the remainder when 2945 is divided by 181?
49
What is the remainder when 3141 is divided by 185?
181
What is the remainder when 1415 is divided by 417?
164
What is the remainder when 5492 is divided by 122?
2
What is the remainder when 3070 is divided by 506?
34
Calculate the remainder when 27311 is divided by 716.
103
Calculate the remainder when 23725 is divided by 206.
35
Calculate the remainder when 61287 is divided by 90.
87
What is the remainder when 15181 is divided by 5050?
31
What is the remainder when 9607616 is divided by 59?
56
What is the remainder when 21001 is divided by 439?
368
Calculate the remainder when 6848 is divided by 285.
8
What is the remainder when 9700 is divided by 1384?
12
Calculate the remainder when 4256 is divided by 24.
8
What is the remainder when 3144 is divided by 143?
141
What is the remainder when 960 is divided by 115?
40
What is the remainder when 10314 is divided by 2170?
1634
Calculate the remainder when 45055 is divided by 41.
37
What is the remainder when 193373 is divided by 37?
11
What is the remainder when 284 is divided by 34?
12
Calculate the remainder when 16455 is divided by 8226.
3
What is the remainder when 6121 is divided by 1013?
43
Calculate the remainder when 72728 is divided by 243.
71
Calculate the remainder when 792 is divided by 700.
92
What is the remainder when 29247 is divided by 1090?
907
What is the remainder when 10579 is divided by 2319?
1303
What is the remainder when 22954 is divided by 1529?
19
Calculate the remainder when 677368 is divided by 16.
8
What is the remainder when 5896 is divided by 337?
167
Calculate the remainder when 590107 is divided by 47.
22
Calculate the remainder when 392113 is divided by 587.
584
Calculate the remainder when 262142 is divided by 511.
510
Calculate the remainder when 3158 is divided by 528.
518
Calculate the remainder when 8960 is divided by 75.
35
Calculate the remainder when 388445 is divided by 9.
5
Calculate the remainder when 10614 is divided by 62.
12
What is the remainder when 3726 is divided by 5?
1
Calculate the remainder when 1311 is divided by 361.
228
What is the remainder when 3195 is divided by 56?
3
What is the remainder when 6987 is divided by 1625?
487
What is the remainder when 32903 is divided by 2528?
39
What is the remainder when 40680 is divided by 34?
16
Calculate the remainder when 17288 is divided by 4319.
12
Calculate the remainder when 909 is divided by 749.
160
Calculate the remainder when 151653 is divided by 2486.
7
Calculate the remainder when 57461 is divided by 7179.
29
What is the remainder when 32206 is divided by 132?
130
Calculate the remainder when 2151 is divided by 807.
537
What is the remainder when 758160 is divided by 43?
27
Calculate the remainder when 13530 is divided by 520.
10
Calculate the remainder when 35560 is divided by 53.
50
Calculate the remainder when 8977 is divided by 113.
50
What is the remainder when 72642 is divided by 4272?
18
Calculate the remainder when 291164 is divided by 18.
14
Calculate the remainder when 155209 is divided by 155205.
4
Calculate the remainder when 2659 is divided by 1294.
71
What is the remainder when 1697 is divided by 218?
171
Calculate the remainder when 95195 is divided by 532.
499
Calculate the remainder when 144895 is divided by 2229.
10
Calculate the remainder when 6022 is divided by 48.
22
Calculate the remainder when 3428 is divided by 1313.
802
What is the remainder when 14205 is divided by 83?
12
Calculate the remainder when 3648 is divided by 518.
22
What is the remainder when 4385 is divided by 77?
73
Calculate the remainder when 1109 is divided by 55.
9
Calculate the remainder when 5799 is divided by 77.
24
What is the remainder when 5821 is divided by 1450?
21
Calculate the remainder when 23396 is divided by 11692.
12
What is the remainder when 37407 is divided by 32?
31
Calculate the remainder when 19695 is divided by 19.
11
What is the remainder when 8198 is divided by 171?
161
Calculate the remainder when 5733 is divided by 155.
153
What is the remainder when 3497 is divided by 5?
2
Calculate the remainder when 241601 is divided by 68.
65
Calculate the remainder when 46361 is divided by 303.
2
What is the remainder when 63694 is divided by 9085?
99
What is the remainder when 208 is divided by 49?
12
Calculate the remainder when 16459 is divided by 15.
4
What is the remainder when 133272 is divided by 14808?
0
Calculate the remainder when 3561 is divided by 157.
107
What is the remainder when 437 is divided by 156?
125
Calculate the remainder when 1035548 is divided by 168.
164
Calculate the remainder when 570080 is divided by 157.
13
Calculate the remainder when 4370 is divided by 1444.
38
Calculate the remainder when 296360 is divided by 9261.
8
Calculate the remainder when 42892 is divided by 152.
28
What is the remainder when 161735 is divided by 34?
31
Calculate the remainder when 8188 is divided by 292.
12
Calculate the remainder when 8299 is divided by 187.
71
Calculate the remainder when 643 is divided by 105.
13
Calculate the remainder when 269493 is divided by 89827.
12
Calculate the remainder when 44282 is divided by 174.
86
What is the remainder when 55304 is divided by 419?
415
Calculate the remainder when 88907 is divided by 37.
33
Calculate the remainder when 30246 is divided by 105.
6
Calculate the remainder when 331308 is divided by 331306.
2
Calculate the remainder when 58787 is divided by 10.
7
What is the remainder when 943803 is divided by 19?
16
What is the remainder when 20157 is divided by 13?
7
Calculate the remainder when 3832 is divided by 3812.
20
Calculate the remainder when 184765 is divided by 8798.
7
What is the remainder when 224637 is divided by 26?
23
Calculate the remainder when 9524 is divided by 1057.
11
Calculate the remainder when 202248 is divided by 10.
8
Calculate the remainder when 109565 is divided by 8.
5
What is the remainder when 7838 is divided by 436?
426
What is the remainder when 69173 is divided by 67?
29
What is the remainder when 775 is divided by 718?
57
What is the remainder when 9746 is divided by 195?
191
What is the remainder when 17138 is divided by 5151?
1685
Calculate the remainder when 87561 is divided by 196.
145
Calculate the remainder when 5231 is divided by 1862.
1507
Calculate the remainder when 171205 is divided by 373.
371
What is the remainder when 215096 is divided by 43019?
1
Calculate the remainder when 4235 is divided by 92.
3
What is the remainder when 28794 is divided by 148?
82
Calculate the remainder when 126061 is divided by 927.
916
What is the remainder when 316306 is divided by 1777?
0
What is the remainder when 119853 is divided by 14?
13
Calculate the remainder when 6679 is divided by 52.
23
Calculate the remainder when 32084 is divided by 42.
38
Calculate the remainder when 234925 is divided by 202.
201
Calculate the remainder when 843 is divided by 193.
71
What is the remainder when 70656 is divided by 1472?
0
Calculate the remainder when 7398 is divided by 77.
6
What is the remainder when 14762 is divided by 93?
68
Calculate the remainder when 16784 is divided by 365.
359
Calculate the remainder when 11532 is divided by 59.
27
What is the remainder when 95500 is divided by 24?
4
What is the remainder when 145423 is divided by 24230?
43
Calculate the remainder when 10143 is divided by 147.
0
What is the remainder when 3222 is divided by 1460?
302
Wh